
8
What is the hundred millions digit of 1973301848?
9
What is the ten millions digit of 65017168?
6
What is the units digit of 13380996?
6
What is the hundred millions digit of 195562269?
1
What is the units digit of 41912584?
4
What is the hundred millions digit of 419940115?
4
What is the hundreds digit of 552827039?
0
What is the ten millions digit of 226422709?
2
What is the tens digit of 68918456?
5
What is the tens digit of 265646405?
0
What is the hundreds digit of 607576009?
0
What is the ten millions digit of 7286905469?
8
What is the tens digit of 7415357926?
2
What is the thousands digit of 78342865?
2
What is the thousands digit of 437691826?
1
What is the ten thousands digit of 97711186?
1
What is the thousands digit of 2615580920?
0
What is the hundreds digit of 122131216?
2
What is the hundreds digit of 292391605?
6
What is the tens digit of 281837613?
1
What is the hundred millions digit of 2525562696?
5
What is the units digit of 88854751?
1
What is the ten thousands digit of 1721056296?
5
What is the thousands digit of 185403255?
3
What is the hundreds digit of 199904554?
5
What is the thousands digit of 6194030?
4
What is the hundred thousands digit of 228821640?
8
What is the ten thousands digit of 528909478?
0
What is the ten millions digit of 914822294?
1
What is the ten thousands digit of 447203960?
0
What is the thousands digit of 513879714?
9
What is the hundreds digit of 40896663?
6
What is the billions digit of 2597573798?
2
What is the millions digit of 1475081310?
5
What is the ten millions digit of 560718270?
6
What is the hundred thousands digit of 79501431?
5
What is the billions digit of 4326086775?
4
What is the thousands digit of 37157652?
7
What is the hundreds digit of 982901282?
2
What is the millions digit of 3198469830?
8
What is the millions digit of 1042206921?
2
What is the hundred thousands digit of 5850551627?
5
What is the thousands digit of 30011560?
1
What is the hundred thousands digit of 1160312132?
3
What is the ten thousands digit of 16257099?
5
What is the ten thousands digit of 903777855?
7
What is the hundred thousands digit of 6861452103?
4
What is the hundred thousands digit of 13079974?
0
What is the units digit of 3752448197?
7
What is the billions digit of 1023916746?
1
What is the ten thousands digit of 198674967?
7
What is the ten millions digit of 3200091455?
0
What is the thousands digit of 371791912?
1
What is the hundred millions digit of 203035724?
2
What is the hundred millions digit of 370358966?
3
What is the ten thousands digit of 3458977255?
7
What is the hundred thousands digit of 92090817?
0
What is the thousands digit of 239083715?
3
What is the units digit of 59037830?
0
What is the ten thousands digit of 68317667?
1
What is the tens digit of 4290556443?
4
What is the hundreds digit of 288217862?
8
What is the hundred thousands digit of 1460320528?
3
What is the hundred thousands digit of 38826847?
8
What is the thousands digit of 434923185?
3
What is the ten thousands digit of 1540363628?
6
What is the ten thousands digit of 420719135?
1
What is the millions digit of 391700936?
1
What is the millions digit of 3394285355?
4
What is the millions digit of 30854451?
0
What is the ten millions digit of 61873828?
6
What is the millions digit of 2217360816?
7
What is the units digit of 122814032?
2
What is the hundreds digit of 29420987?
9
What is the ten millions digit of 131794870?
3
What is the millions digit of 2917485180?
7
What is the millions digit of 64482712?
4
What is the hundred millions digit of 1127885077?
1
What is the thousands digit of 215692276?
2
What is the units digit of 4778585?
5
What is the thousands digit of 142663576?
3
What is the hundred thousands digit of 665753592?
7
What is the ten thousands digit of 153788526?
8
What is the thousands digit of 2140783366?
3
What is the hundreds digit of 48660031?
0
What is the millions digit of 1614113?
1
What is the millions digit of 28700722?
8
What is the hundreds digit of 3029674?
6
What is the tens digit of 288928348?
4
What is the tens digit of 31302429?
2
What is the billions digit of 2692886646?
2
What is the hundreds digit of 15069058?
0
What is the units digit of 1180652138?
8
What is the hundred thousands digit of 220408078?
4
What is the millions digit of 155727033?
5
What is the hundreds digit of 366626263?
2
What is the hundred millions digit of 513772940?
5
What is the thousands digit of 141609535?
9
What is the tens digit of 170484310?
1
What is the ten thousands digit of 624816216?
1
What is the millions digit of 434430551?
4
What is the hundreds digit of 157113359?
3
What is the ten thousands digit of 11786875?
8
What is the hundred thousands digit of 465220829?
2
What is the thousands digit of 977131665?
1
What is the millions digit of 9183213?
9
What is the hundreds digit of 37432710?
7
What is the hundreds digit of 373370408?
4
What is the hundred millions digit of 294003857?
2
What is the millions digit of 12611718?
2
What is the millions digit of 23368529?
3
What is the hundred millions digit of 1421921267?
4
What is the ten thousands digit of 118332014?
3
What is the hundred thousands digit of 52933779?
9
What is the millions digit of 760593984?
0
What is the thousands digit of 14402431?
2
What is the tens digit of 89770834?
3
What is the hundred thousands digit of 4222430919?
4
What is the ten millions digit of 90353193?
9
What is the millions digit of 523583609?
3
What is the hundred thousands digit of 14047178?
0
What is the millions digit of 32802971?
2
What is the units digit of 140714530?
0
What is the hundred thousands digit of 515721236?
7
What is the ten thousands digit of 353226119?
2
What is the hundred millions digit of 892469106?
8
What is the tens digit of 2469665825?
2
What is the ten thousands digit of 332311920?
1
What is the hundreds digit of 229678359?
3
What is the hundred millions digit of 554528982?
5
What is the ten thousands digit of 2481006572?
0
What is the thousands digit of 14086461?
6
What is the ten millions digit of 2653930472?
5
What is the hundred thousands digit of 3680973472?
9
What is the hundred thousands digit of 136250397?
2
What is the hundred thousands digit of 196541077?
5
What is the tens digit of 671568572?
7
What is the units digit of 2806459354?
4
What is the millions digit of 46632208?
6
What is the hundred thousands digit of 17094625?
0
What is the tens digit of 42649892?
9
What is the units digit of 4110194301?
1
What is the ten thousands digit of 4341943406?
4
What is the tens digit of 58720887?
8
What is the hundreds digit of 142564501?
5
What is the ten millions digit of 64474161?
6
What is the ten millions digit of 480053562?
8
What is the millions digit of 6249758883?
9
What is the billions digit of 6732557525?
6
What is the hundreds digit of 1037860655?
6
What is the ten millions digit of 528263712?
2
What is the thousands digit of 70068240?
8
What is the ten millions digit of 78640759?
7
What is the tens digit of 1181158364?
6
What is the ten thousands digit of 107433630?
3
What is the hundred thousands digit of 688582003?
5
What is the units digit of 81807353?
3
What is the hundred millions digit of 113952041?
1
What is the thousands digit of 549731712?
1
What is the tens digit of 1649356155?
5
What is the hundreds digit of 408590780?
7
What is the hundred millions digit of 338022450?
3
What is the tens digit of 598573284?
8
What is the ten thousands digit of 250862487?
6
What is the thousands digit of 25562588?
2
What is the thousands digit of 33906281?
6
What is the units digit of 444280949?
9
What is the ten thousands digit of 58104991?
0
What is the thousands digit of 6073984543?
4
What is the units digit of 513381076?
6
What is the tens digit of 1183420252?
5
What is the millions digit of 82870558?
2
What is the hundred millions digit of 941055811?
9
What is the millions digit of 41707900?
1
What is the hundred thousands digit of 500850506?
8
What is the billions digit of 2360693676?
2
What is the ten thousands digit of 161386845?
8
What is the units digit of 790522400?
0
What is the ten thousands digit of 82830036?
3
What is the ten thousands digit of 471212956?
1
What is the units digit of 6153465742?
2
What is the hund